he prime factors of 1979181?
3, 73303
What are the prime factors of 2607975?
3, 5, 67, 173
What are the prime factors of 276318?
2, 3, 7, 17, 43
What are the prime factors of 151960?
2, 5, 29, 131
List the prime factors of 121591.
121591
List the prime factors of 3541806.
2, 3, 21863
List the prime factors of 95088.
2, 3, 7, 283
What are the prime factors of 4957493?
103, 48131
What are the prime factors of 1552330?
2, 5, 13, 11941
What are the prime factors of 6416616?
2, 3, 17, 15727
What are the prime factors of 504606?
2, 3, 37, 2273
List the prime factors of 6559735.
5, 7, 13, 1109
What are the prime factors of 15919567?
107, 148781
List the prime factors of 7236059.
103, 163, 431
List the prime factors of 1851727.
1851727
What are the prime factors of 276415?
5, 59, 937
What are the prime factors of 24985517?
151, 337, 491
List the prime factors of 2709938.
2, 7, 11, 17597
What are the prime factors of 311324?
2, 13, 5987
List the prime factors of 5524416.
2, 3, 23, 139
What are the prime factors of 1746270?
2, 3, 5, 19403
List the prime factors of 175166.
2, 87583
What are the prime factors of 14250560?
2, 5, 44533
What are the prime factors of 136024?
2, 7, 347
What are the prime factors of 3000075?
3, 5, 13, 17, 181
List the prime factors of 540138.
2, 3, 90023
What are the prime factors of 17299416?
2, 3, 43, 16763
What are the prime factors of 60533?
11, 5503
List the prime factors of 299379.
3, 99793
List the prime factors of 3674782.
2, 1837391
List the prime factors of 10886076.
2, 3, 33599
List the prime factors of 24896042.
2, 19, 37, 17707
List the prime factors of 17140270.
2, 5, 7, 244861
What are the prime factors of 6901523?
6901523
List the prime factors of 164312.
2, 19, 23, 47
List the prime factors of 55817.
55817
List the prime factors of 180073.
180073
List the prime factors of 920213.
7, 47, 2797
What are the prime factors of 475614?
2, 3, 26423
What are the prime factors of 232260?
2, 3, 5, 7, 79
List the prime factors of 924156.
2, 3, 43, 199
List the prime factors of 258655.
5, 17, 179
List the prime factors of 6432543.
3, 13, 54979
What are the prime factors of 2369568?
2, 3, 24683
List the prime factors of 4235613.
3, 19, 3911
List the prime factors of 1785672.
2, 3, 7, 1181
List the prime factors of 19377.
3, 2153
What are the prime factors of 2709023?
2709023
List the prime factors of 279990.
2, 3, 5, 17, 61
What are the prime factors of 681613?
681613
List the prime factors of 705019.
7, 23, 29, 151
List the prime factors of 3174056.
2, 41, 9677
List the prime factors of 1588785.
3, 5, 11, 9629
List the prime factors of 37694.
2, 47, 401
What are the prime factors of 25966511?
25966511
What are the prime factors of 1210740?
2, 3, 5, 17, 1187
List the prime factors of 1372448.
2, 7, 11, 557
What are the prime factors of 7757763?
3, 13, 17, 11701
What are the prime factors of 292398?
2, 3, 48733
List the prime factors of 2063719.
7, 113, 2609
What are the prime factors of 15575934?
2, 3, 11, 19, 12421
List the prime factors of 195257.
29, 6733
List the prime factors of 1163147.
1163147
List the prime factors of 2241846.
2, 3, 269, 463
List the prime factors of 7414547.
7, 1059221
List the prime factors of 170789.
233, 733
What are the prime factors of 2242679?
2242679
What are the prime factors of 89941?
53, 1697
List the prime factors of 38371364.
2, 47, 53, 3851
List the prime factors of 270005.
5, 54001
List the prime factors of 1435986.
2, 3, 79777
What are the prime factors of 2769850?
2, 5, 31, 1787
What are the prime factors of 14333250?
2, 3, 5, 29, 659
List the prime factors of 11686.
2, 5843
List the prime factors of 142949.
142949
What are the prime factors of 156301?
149, 1049
List the prime factors of 1702136.
2, 263, 809
What are the prime factors of 2337562?
2, 127, 9203
List the prime factors of 353368.
2, 44171
List the prime factors of 779863.
7, 111409
What are the prime factors of 5694939?
3, 251, 2521
List the prime factors of 140708.
2, 29, 1213
What are the prime factors of 10198519?
10198519
What are the prime factors of 5942997?
3, 103, 2137
List the prime factors of 3671491.
107, 34313
What are the prime factors of 169119?
3, 19, 23, 43
List the prime factors of 1358473.
877, 1549
What are the prime factors of 730106?
2, 13, 28081
List the prime factors of 8413727.
7, 1201961
List the prime factors of 149762.
2, 103, 727
List the prime factors of 511699.
239, 2141
List the prime factors of 153807.
3, 167, 307
What are the prime factors of 2915293?
2915293
What are the prime factors of 176820?
2, 3, 5, 7, 421
What are the prime factors of 15622801?
15622801
List the prime factors of 1857709.
7, 17, 67, 233
What are the prime factors of 2327915?
5, 67, 6949
What are the prime factors of 158275?
5, 13, 487
What are the prime factors of 521907?
3, 173969
What are the prime factors of 320884?
2, 80221
What are the prime factors of 1214357?
1214357
What are the prime factors of 222707?
222707
What are the prime factors of 2794264?
2, 11, 113, 281
What are the prime factors of 5325080?
2, 5, 17, 41, 191
What are the prime factors of 333600?
2, 3, 5, 139
List the prime factors of 610575.
3, 5, 7, 1163
What are the prime factors of 10812226?
2, 311, 17383
List the prime factors of 15563501.
389, 40009
List the prime factors of 6577790.
2, 5, 657779
What are the prime factors of 36091?
11, 17, 193
List the prime factors of 7884880.
2, 5, 98561
List the prime factors of 108489.
3, 29, 43
What are the prime factors of 3871285?
5, 11, 59, 1193
List the prime factors of 5912634.
2, 3, 7, 13, 17
List the prime factors of 1130603.
569, 1987
What are the prime factors of 329596?
2, 17, 37, 131
What are the prime factors of 479317?
479317
What are the prime factors of 738324?
2, 3, 20509
List the prime factors of 12047409.
3, 11, 73, 1667
List the prime factors of 12712604.
2, 31, 157, 653
What are the prime factors of 953001?
3, 7, 2161
What are the prime factors of 226628?
2, 53, 1069
List the prime factors of 1249477.
1249477
List the prime factors of 3135286.
2, 7, 11, 20359
What are the prime factors of 4449296?
2, 29, 43, 223
What are the prime factors of 8023308?
2, 3, 668609
List the prime factors of 463618.
2, 231809
List the prime factors of 92376.
2, 3, 1283
What are the prime factors of 237950?
2, 5, 4759
What are the prime factors of 6294068?
2, 11, 53, 2699
What are the prime factors of 2432283?
3, 7, 115823
What are the prime factors of 2324982?
2, 3, 11, 35227
What are the prime factors of 8695450?
2, 5, 173909
List the prime factors of 369350.
2, 5, 83, 89
List the prime factors of 4473940.
2, 5, 223697
List the prime factors of 963336.
2, 3, 11, 41, 89
What are the prime factors of 2678259?
3, 19, 2473
What are the prime factors of 2123715?
3, 5, 11, 61, 211
What are the prime factors of 9879289?
7, 229, 6163
What are the prime factors of 199960?
2, 5, 4999
List the prime factors of 69526.
2, 34763
What are the prime factors of 1811070?
2, 3, 5, 20123
List the prime factors of 14111214.
2, 3, 13, 113, 1601
What are the prime factors of 6942343?
23, 301841
What are the prime factors of 1414171?
11, 59, 2179
List the prime factors of 11335455.
3, 5, 109, 2311
List the prime factors of 297776.
2, 37, 503
List the prime factors of 765345.
3, 5, 7, 37, 197
List the prime factors of 3348979.
971, 3449
List the prime factors of 17178755.
5, 11, 17, 19, 967
What are the prime factors of 4706419?
4706419
List the prime factors of 884695.
5, 7, 23, 157
List the prime factors of 78130.
2, 5, 13, 601
List the prime factors of 1378657.
7, 37, 5323
List the prime factors of 317542.
2, 158771
What are the prime factors of 135212?
2, 7, 11, 439
List the prime factors of 11716240.
2, 5, 137, 1069
What are the prime factors of 5120927?
7, 17, 23, 1871
List the prime factors of 352742.
2, 13, 13567
List the prime factors of 2687227.
19, 29, 4877
What are the prime factors of 3067737?
3, 47, 21757
What are the prime factors of 2930159?
2930159
List the prime factors of 32187562.
2, 11, 17, 89, 967
List the prime factors of 2498077.
443, 5639
What are the prime factors of 1848089?
151, 12239
List the prime factors of 9918963.
3, 367369
List the prime factors of 8982774.
2, 3, 79, 6317
What are the pr